{"id":1705,"date":"2025-11-18T22:00:14","date_gmt":"2025-11-19T03:00:14","guid":{"rendered":"https:\/\/nmsconseil.com\/?page_id=1705"},"modified":"2025-11-18T22:38:48","modified_gmt":"2025-11-19T03:38:48","slug":"accueil","status":"publish","type":"page","link":"https:\/\/agile-intelligence.ca\/?page_id=1705&lang=fr","title":{"rendered":"Accueil"},"content":{"rendered":"\n<div class=\"wp-block-query is-layout-flow wp-block-query-is-layout-flow\"><ul class=\"wp-block-post-template is-layout-flow wp-block-post-template-is-layout-flow\"><li class=\"wp-block-post post-1762 post type-post status-publish format-standard has-post-thumbnail hentry category-agile-at-scale\">\n\n<div class=\"wp-block-columns alignwide is-layout-flex wp-container-core-columns-is-layout-9d6595d7 wp-block-columns-is-layout-flex\">\n<div class=\"wp-block-column is-layout-flow wp-block-column-is-layout-flow\" style=\"flex-basis:66.66%\"><figure class=\"wp-block-post-featured-image\"><a href=\"https:\/\/agile-intelligence.ca\/?p=1762\" target=\"_self\"  ><img loading=\"lazy\" decoding=\"async\" width=\"1536\" height=\"1024\" src=\"https:\/\/agile-intelligence.ca\/wp-content\/uploads\/2025\/11\/agilite-en-proces.png\" class=\"attachment-post-thumbnail size-post-thumbnail wp-post-image\" alt=\"The Agile on Trial: What This Moment Reveals About Organizations in Transformation\" style=\"object-fit:cover;\" srcset=\"https:\/\/agile-intelligence.ca\/wp-content\/uploads\/2025\/11\/agilite-en-proces.png 1536w, https:\/\/agile-intelligence.ca\/wp-content\/uploads\/2025\/11\/agilite-en-proces-300x200.png 300w, https:\/\/agile-intelligence.ca\/wp-content\/uploads\/2025\/11\/agilite-en-proces-1024x683.png 1024w\" sizes=\"auto, (max-width: 1536px) 100vw, 1536px\" \/><\/a><\/figure><\/div>\n\n\n\n<div class=\"wp-block-column is-layout-flow wp-block-column-is-layout-flow\" style=\"flex-basis:33.33%\"><h2 class=\"wp-block-post-title\"><a href=\"https:\/\/agile-intelligence.ca\/?p=1762\" target=\"_self\" >The Agile on Trial: What This Moment Reveals About Organizations in Transformation<\/a><\/h2>\n\n<div class=\"wp-block-post-excerpt\"><p class=\"wp-block-post-excerpt__excerpt\">We sense something in the air these days. A subtle, almost mischievous pleasure in saying that \u201cthe&#8230; <\/p><\/div><\/div>\n<\/div>\n\n<\/li><li class=\"wp-block-post post-1757 post type-post status-publish format-standard has-post-thumbnail hentry category-agilite-a-lechelle\">\n\n<div class=\"wp-block-columns alignwide is-layout-flex wp-container-core-columns-is-layout-9d6595d7 wp-block-columns-is-layout-flex\">\n<div class=\"wp-block-column is-layout-flow wp-block-column-is-layout-flow\" style=\"flex-basis:66.66%\"><figure class=\"wp-block-post-featured-image\"><a href=\"https:\/\/agile-intelligence.ca\/?p=1757&#038;lang=fr\" target=\"_self\"  ><img loading=\"lazy\" decoding=\"async\" width=\"1536\" height=\"1024\" src=\"https:\/\/agile-intelligence.ca\/wp-content\/uploads\/2025\/11\/agilite-en-proces.png\" class=\"attachment-post-thumbnail size-post-thumbnail wp-post-image\" alt=\"L\u2019agilit\u00e9 en proc\u00e8s : ce que ce moment r\u00e9v\u00e8le des organisations en transformation\" style=\"object-fit:cover;\" srcset=\"https:\/\/agile-intelligence.ca\/wp-content\/uploads\/2025\/11\/agilite-en-proces.png 1536w, https:\/\/agile-intelligence.ca\/wp-content\/uploads\/2025\/11\/agilite-en-proces-300x200.png 300w, https:\/\/agile-intelligence.ca\/wp-content\/uploads\/2025\/11\/agilite-en-proces-1024x683.png 1024w\" sizes=\"auto, (max-width: 1536px) 100vw, 1536px\" \/><\/a><\/figure><\/div>\n\n\n\n<div class=\"wp-block-column is-layout-flow wp-block-column-is-layout-flow\" style=\"flex-basis:33.33%\"><h2 class=\"wp-block-post-title\"><a href=\"https:\/\/agile-intelligence.ca\/?p=1757&#038;lang=fr\" target=\"_self\" >L\u2019agilit\u00e9 en proc\u00e8s : ce que ce moment r\u00e9v\u00e8le des organisations en transformation<\/a><\/h2>\n\n<div class=\"wp-block-post-excerpt\"><p class=\"wp-block-post-excerpt__excerpt\">On sent quelque chose dans l\u2019air, par les temps qui courent. Une sorte de plaisir un peu&#8230; <\/p><\/div><\/div>\n<\/div>\n\n<\/li><li class=\"wp-block-post post-1733 post type-post status-publish format-standard has-post-thumbnail hentry category-intelligence-artificielle\">\n\n<div class=\"wp-block-columns alignwide is-layout-flex wp-container-core-columns-is-layout-9d6595d7 wp-block-columns-is-layout-flex\">\n<div class=\"wp-block-column is-layout-flow wp-block-column-is-layout-flow\" style=\"flex-basis:66.66%\"><figure class=\"wp-block-post-featured-image\"><a href=\"https:\/\/agile-intelligence.ca\/?p=1733&#038;lang=fr\" target=\"_self\"  ><img loading=\"lazy\" decoding=\"async\" width=\"1536\" height=\"1024\" src=\"https:\/\/agile-intelligence.ca\/wp-content\/uploads\/2025\/11\/Fatigue-cognitive.png\" class=\"attachment-post-thumbnail size-post-thumbnail wp-post-image\" alt=\"Fatigue cognitive et surcharge informationnelle : les effets secondaires de l\u2019IA au travail\" style=\"object-fit:cover;\" srcset=\"https:\/\/agile-intelligence.ca\/wp-content\/uploads\/2025\/11\/Fatigue-cognitive.png 1536w, https:\/\/agile-intelligence.ca\/wp-content\/uploads\/2025\/11\/Fatigue-cognitive-300x200.png 300w, https:\/\/agile-intelligence.ca\/wp-content\/uploads\/2025\/11\/Fatigue-cognitive-1024x683.png 1024w, https:\/\/agile-intelligence.ca\/wp-content\/uploads\/2025\/11\/Fatigue-cognitive-768x512.png 768w\" sizes=\"auto, (max-width: 1536px) 100vw, 1536px\" \/><\/a><\/figure><\/div>\n\n\n\n<div class=\"wp-block-column is-layout-flow wp-block-column-is-layout-flow\" style=\"flex-basis:33.33%\"><h2 class=\"wp-block-post-title\"><a href=\"https:\/\/agile-intelligence.ca\/?p=1733&#038;lang=fr\" target=\"_self\" >Fatigue cognitive et surcharge informationnelle : les effets secondaires de l\u2019IA au travail<\/a><\/h2>\n\n<div class=\"wp-block-post-excerpt\"><p class=\"wp-block-post-excerpt__excerpt\">Dans bien des grandes organisations, publiques comme priv\u00e9es, un ph\u00e9nom\u00e8ne discret mais puissant s\u2019installe : l\u2019int\u00e9gration acc\u00e9l\u00e9r\u00e9e&#8230; <\/p><\/div><\/div>\n<\/div>\n\n<\/li><\/ul><\/div>\n","protected":false},"excerpt":{"rendered":"","protected":false},"author":1,"featured_media":0,"parent":0,"menu_order":1,"comment_status":"closed","ping_status":"closed","template":"","meta":{"_kad_post_transparent":"","_kad_post_title":"","_kad_post_layout":"","_kad_post_sidebar_id":"","_kad_post_content_style":"","_kad_post_vertical_padding":"","_kad_post_feature":"","_kad_post_feature_position":"","_kad_post_header":false,"_kad_post_footer":false,"footnotes":""},"class_list":["post-1705","page","type-page","status-publish","hentry"],"yoast_head":"<!-- This site is optimized with the Yoast SEO plugin v24.3 - https:\/\/yoast.com\/wordpress\/plugins\/seo\/ -->\n<title>Accueil - Agile Intelligence<\/title>\n<meta name=\"robots\" content=\"index, follow, max-snippet:-1, max-image-preview:large, max-video-preview:-1\" \/>\n<link rel=\"canonical\" href=\"https:\/\/agile-intelligence.ca\/?page_id=1705&lang=fr\" \/>\n<meta property=\"og:locale\" content=\"en_US\" \/>\n<meta property=\"og:type\" content=\"article\" \/>\n<meta property=\"og:title\" content=\"Accueil - Agile Intelligence\" \/>\n<meta property=\"og:url\" content=\"https:\/\/agile-intelligence.ca\/?page_id=1705&amp;lang=fr\" \/>\n<meta property=\"og:site_name\" content=\"Agile Intelligence\" \/>\n<meta property=\"article:modified_time\" content=\"2025-11-19T03:38:48+00:00\" \/>\n<meta name=\"twitter:card\" content=\"summary_large_image\" \/>\n<script type=\"application\/ld+json\" class=\"yoast-schema-graph\">{\"@context\":\"https:\/\/schema.org\",\"@graph\":[{\"@type\":\"WebPage\",\"@id\":\"https:\/\/agile-intelligence.ca\/?page_id=1705&lang=fr\",\"url\":\"https:\/\/agile-intelligence.ca\/?page_id=1705&lang=fr\",\"name\":\"Accueil - Agile Intelligence\",\"isPartOf\":{\"@id\":\"https:\/\/agile-intelligence.ca\/#website\"},\"datePublished\":\"2025-11-19T03:00:14+00:00\",\"dateModified\":\"2025-11-19T03:38:48+00:00\",\"breadcrumb\":{\"@id\":\"https:\/\/agile-intelligence.ca\/?page_id=1705&lang=fr#breadcrumb\"},\"inLanguage\":\"en-US\",\"potentialAction\":[{\"@type\":\"ReadAction\",\"target\":[\"https:\/\/agile-intelligence.ca\/?page_id=1705&lang=fr\"]}]},{\"@type\":\"BreadcrumbList\",\"@id\":\"https:\/\/agile-intelligence.ca\/?page_id=1705&lang=fr#breadcrumb\",\"itemListElement\":[{\"@type\":\"ListItem\",\"position\":1,\"name\":\"Home\",\"item\":\"https:\/\/agile-intelligence.ca\/\"},{\"@type\":\"ListItem\",\"position\":2,\"name\":\"Accueil\"}]},{\"@type\":\"WebSite\",\"@id\":\"https:\/\/agile-intelligence.ca\/#website\",\"url\":\"https:\/\/agile-intelligence.ca\/\",\"name\":\"Agile Intelligence\",\"description\":\"Observe Understand Transform\",\"publisher\":{\"@id\":\"https:\/\/agile-intelligence.ca\/#organization\"},\"potentialAction\":[{\"@type\":\"SearchAction\",\"target\":{\"@type\":\"EntryPoint\",\"urlTemplate\":\"https:\/\/agile-intelligence.ca\/?s={search_term_string}\"},\"query-input\":{\"@type\":\"PropertyValueSpecification\",\"valueRequired\":true,\"valueName\":\"search_term_string\"}}],\"inLanguage\":\"en-US\"},{\"@type\":\"Organization\",\"@id\":\"https:\/\/agile-intelligence.ca\/#organization\",\"name\":\"Agile Intelligence\",\"url\":\"https:\/\/agile-intelligence.ca\/\",\"logo\":{\"@type\":\"ImageObject\",\"inLanguage\":\"en-US\",\"@id\":\"https:\/\/agile-intelligence.ca\/#\/schema\/logo\/image\/\",\"url\":\"https:\/\/agile-intelligence.ca\/wp-content\/uploads\/2025\/01\/cropped-logo-180-1.png\",\"contentUrl\":\"https:\/\/agile-intelligence.ca\/wp-content\/uploads\/2025\/01\/cropped-logo-180-1.png\",\"width\":512,\"height\":512,\"caption\":\"Agile Intelligence\"},\"image\":{\"@id\":\"https:\/\/agile-intelligence.ca\/#\/schema\/logo\/image\/\"}}]}<\/script>\n<!-- \/ Yoast SEO plugin. -->","yoast_head_json":{"title":"Accueil - Agile Intelligence","robots":{"index":"index","follow":"follow","max-snippet":"max-snippet:-1","max-image-preview":"max-image-preview:large","max-video-preview":"max-video-preview:-1"},"canonical":"https:\/\/agile-intelligence.ca\/?page_id=1705&lang=fr","og_locale":"en_US","og_type":"article","og_title":"Accueil - Agile Intelligence","og_url":"https:\/\/agile-intelligence.ca\/?page_id=1705&lang=fr","og_site_name":"Agile Intelligence","article_modified_time":"2025-11-19T03:38:48+00:00","twitter_card":"summary_large_image","schema":{"@context":"https:\/\/schema.org","@graph":[{"@type":"WebPage","@id":"https:\/\/agile-intelligence.ca\/?page_id=1705&lang=fr","url":"https:\/\/agile-intelligence.ca\/?page_id=1705&lang=fr","name":"Accueil - Agile Intelligence","isPartOf":{"@id":"https:\/\/agile-intelligence.ca\/#website"},"datePublished":"2025-11-19T03:00:14+00:00","dateModified":"2025-11-19T03:38:48+00:00","breadcrumb":{"@id":"https:\/\/agile-intelligence.ca\/?page_id=1705&lang=fr#breadcrumb"},"inLanguage":"en-US","potentialAction":[{"@type":"ReadAction","target":["https:\/\/agile-intelligence.ca\/?page_id=1705&lang=fr"]}]},{"@type":"BreadcrumbList","@id":"https:\/\/agile-intelligence.ca\/?page_id=1705&lang=fr#breadcrumb","itemListElement":[{"@type":"ListItem","position":1,"name":"Home","item":"https:\/\/agile-intelligence.ca\/"},{"@type":"ListItem","position":2,"name":"Accueil"}]},{"@type":"WebSite","@id":"https:\/\/agile-intelligence.ca\/#website","url":"https:\/\/agile-intelligence.ca\/","name":"Agile Intelligence","description":"Observe Understand Transform","publisher":{"@id":"https:\/\/agile-intelligence.ca\/#organization"},"potentialAction":[{"@type":"SearchAction","target":{"@type":"EntryPoint","urlTemplate":"https:\/\/agile-intelligence.ca\/?s={search_term_string}"},"query-input":{"@type":"PropertyValueSpecification","valueRequired":true,"valueName":"search_term_string"}}],"inLanguage":"en-US"},{"@type":"Organization","@id":"https:\/\/agile-intelligence.ca\/#organization","name":"Agile Intelligence","url":"https:\/\/agile-intelligence.ca\/","logo":{"@type":"ImageObject","inLanguage":"en-US","@id":"https:\/\/agile-intelligence.ca\/#\/schema\/logo\/image\/","url":"https:\/\/agile-intelligence.ca\/wp-content\/uploads\/2025\/01\/cropped-logo-180-1.png","contentUrl":"https:\/\/agile-intelligence.ca\/wp-content\/uploads\/2025\/01\/cropped-logo-180-1.png","width":512,"height":512,"caption":"Agile Intelligence"},"image":{"@id":"https:\/\/agile-intelligence.ca\/#\/schema\/logo\/image\/"}}]}},"_links":{"self":[{"href":"https:\/\/agile-intelligence.ca\/index.php?rest_route=\/wp\/v2\/pages\/1705","targetHints":{"allow":["GET"]}}],"collection":[{"href":"https:\/\/agile-intelligence.ca\/index.php?rest_route=\/wp\/v2\/pages"}],"about":[{"href":"https:\/\/agile-intelligence.ca\/index.php?rest_route=\/wp\/v2\/types\/page"}],"author":[{"embeddable":true,"href":"https:\/\/agile-intelligence.ca\/index.php?rest_route=\/wp\/v2\/users\/1"}],"replies":[{"embeddable":true,"href":"https:\/\/agile-intelligence.ca\/index.php?rest_route=%2Fwp%2Fv2%2Fcomments&post=1705"}],"version-history":[{"count":4,"href":"https:\/\/agile-intelligence.ca\/index.php?rest_route=\/wp\/v2\/pages\/1705\/revisions"}],"predecessor-version":[{"id":1709,"href":"https:\/\/agile-intelligence.ca\/index.php?rest_route=\/wp\/v2\/pages\/1705\/revisions\/1709"}],"wp:attachment":[{"href":"https:\/\/agile-intelligence.ca\/index.php?rest_route=%2Fwp%2Fv2%2Fmedia&parent=1705"}],"curies":[{"name":"wp","href":"https:\/\/api.w.org\/{rel}","templated":true}]}}